910.
11
What is the remainder when 84620 is divided by 15838?
5430
Calculate the remainder when 3951471 is divided by 663.
654
What is the remainder when 1643309 is divided by 61?
30
Calculate the remainder when 45590928 is divided by 1006.
14
Calculate the remainder when 971994 is divided by 14283.
750
What is the remainder when 12749 is divided by 3442?
2423
What is the remainder when 2103 is divided by 377?
218
What is the remainder when 170068 is divided by 56127?
1687
Calculate the remainder when 32762 is divided by 1843.
1431
What is the remainder when 27332 is divided by 8001?
3329
Calculate the remainder when 115575 is divided by 5756.
455
Calculate the remainder when 13850404 is divided by 69.
34
Calculate the remainder when 3398148 is divided by 8.
4
What is the remainder when 4588683 is divided by 261?
42
What is the remainder when 115208 is divided by 1921?
1869
Calculate the remainder when 146549830 is divided by 11681.
4
What is the remainder when 3623223 is divided by 1811435?
353
What is the remainder when 3320256 is divided by 2706?
2700
Calculate the remainder when 52618005 is divided by 58.
57
What is the remainder when 173739 is divided by 23946?
6117
What is the remainder when 499331 is divided by 1130?
1001
What is the remainder when 21404171 is divided by 5401?
8
Calculate the remainder when 208053 is divided by 5725.
1953
Calculate the remainder when 1478001 is divided by 738956.
89
Calculate the remainder when 1209205 is divided by 3085.
2970
Calculate the remainder when 4261614 is divided by 162.
42
What is the remainder when 29515355 is divided by 20669?
23
What is the remainder when 2876220 is divided by 237?
225
What is the remainder when 575680 is divided by 1187?
1172
Calculate the remainder when 278429 is divided by 54.
5
What is the remainder when 3407377 is divided by 1186?
1185
What is the remainder when 12403305 is divided by 275?
255
What is the remainder when 20698770 is divided by 49997?
12
Calculate the remainder when 192709 is divided by 17519.
0
Calculate the remainder when 296892483 is divided by 493.
488
What is the remainder when 437848 is divided by 1795?
1663
What is the remainder when 726234620 is divided by 2768?
2764
What is the remainder when 16181254 is divided by 2399?
2398
What is the remainder when 19039373 is divided by 4462?
19
Calculate the remainder when 43536 is divided by 1390.
446
What is the remainder when 594649 is divided by 97?
39
Calculate the remainder when 9918481 is divided by 824.
817
Calculate the remainder when 8206135 is divided by 2660.
35
Calculate the remainder when 550893 is divided by 1016.
221
Calculate the remainder when 20785251 is divided by 5196304.
35
Calculate the remainder when 1996929 is divided by 32208.
33
What is the remainder when 28538874 is divided by 3?
0
What is the remainder when 14156537 is divided by 45?
32
What is the remainder when 285878103 is divided by 12429482?
17
What is the remainder when 36992858 is divided by 6342?
6314
Calculate the remainder when 9371538 is divided by 640.
18
Calculate the remainder when 52039313 is divided by 1594.
1589
Calculate the remainder when 40785 is divided by 62.
51
Calculate the remainder when 36147 is divided by 2772.
111
Calculate the remainder when 104572450 is divided by 20914489.
5
What is the remainder when 569715 is divided by 1326?
861
Calculate the remainder when 2849076 is divided by 1141.
1140
What is the remainder when 1655963 is divided by 342?
341
Calculate the remainder when 306514 is divided by 38313.
10
Calculate the remainder when 88140129 is divided by 5212.
5209
What is the remainder when 275079 is divided by 4985?
904
What is the remainder when 41372 is divided by 1373?
182
Calculate the remainder when 306089 is divided by 3860.
1149
What is the remainder when 591826 is divided by 38?
14
What is the remainder when 1275721 is divided by 29?
11
What is the remainder when 7206407 is divided by 117?
26
Calculate the remainder when 11795908 is divided by 210.
208
What is the remainder when 53725637 is divided by 2563?
31
Calculate the remainder when 5061959 is divided by 103305.
14
Calculate the remainder when 191415181 is divided by 14.
13
What is the remainder when 861187 is divided by 430539?
109
What is the remainder when 920279 is divided by 1298?
1295
What is the remainder when 75777 is divided by 2046?
75
What is the remainder when 129721575 is divided by 49?
4
What is the remainder when 952207 is divided by 13225?
7
What is the remainder when 717868702 is divided by 112?
110
Calculate the remainder when 40482131 is divided by 5447.
27
Calculate the remainder when 98258 is divided by 1327.
60
What is the remainder when 181078 is divided by 1266?
40
Calculate the remainder when 3561006 is divided by 4749.
4005
Calculate the remainder when 19165811 is divided by 20.
11
Calculate the remainder when 9712341 is divided by 545.
441
What is the remainder when 85221 is divided by 4479?
120
Calculate the remainder when 236817 is divided by 1308.
69
Calculate the remainder when 293616 is divided by 146254.
1108
What is the remainder when 1208264 is divided by 621?
419
What is the remainder when 16565095 is divided by 3319?
3285
Calculate the remainder when 5232392 is divided by 1308095.
12
Calculate the remainder when 4863387 is divided by 1541.
1532
What is the remainder when 833182 is divided by 1627?
158
Calculate the remainder when 6298763 is divided by 781.
779
Calculate the remainder when 182509 is divided by 96.
13
What is the remainder when 1083261 is divided by 3649?
3157
Calculate the remainder when 11131865 is divided by 193.
11
What is the remainder when 17304922 is divided by 7427?
12
What is the remainder when 136274708 is divided by 9773?
9769
What is the remainder when 7600 is divided by 2701?
2198
Calculate the remainder when 115983 is divided by 5799.
3
Calculate the remainder when 27012742 is divided by 99.
97
Calculate the remainder when 22473 is divided by 280.
73
What is the remainder when 17153199 is divided by 103?
94
What is the remainder when 1581718 is divided by 420?
418
Calculate the remainder when 52089 is divided by 2720.
409
Calculate the remainder when 5462513 is divided by 1315.
3
Calculate the remainder when 745753 is divided by 149121.
148
Calculate the remainder when 861408 is divided by 803.
592
What is the remainder when 61345236 is divided by 18?
12
What is the remainder when 285580 is divided by 7396?
4532
Calculate the remainder when 456161 is divided by 228006.
149
Calculate the remainder when 8894 is divided by 112.
46
Calculate the remainder when 1464799 is divided by 20923.
189
What is the remainder when 206699391 is divided by 33?
30
What is the remainder when 684526 is divided by 23588?
474
Calculate the remainder when 2343882 is divided by 23917.
16
Calculate the remainder when 735091 is divided by 76.
19
Calculate the remainder when 381347284 is divided by 28.
24
What is the remainder when 3011295 is divided by 1689?
1497
What is the remainder when 1981288 is divided by 29?
8
What is the remainder when 22968217 is divided by 11?
8
What is the remainder when 284756 is divided by 1963?
121
Calculate the remainder when 2338901 is divided by 23157.
44
Calculate the remainder when 156086 is divided by 220.
106
Calculate the remainder when 89912 is divided by 5867.
1907
What is the remainder when 95091 is divided by 376?
339
What is the remainder when 464367 is divided by 154484?
915
Calculate the remainder when 206709525 is divided by 10879448.
13
Calculate the remainder when 104200 is divided by 8210.
5680
What is the remainder when 1087195 is divided by 362253?
436
What is the remainder when 33376876 is divided by 11125622?
10
Calculate the remainder when 1975431 is divided by 658474.
9
Calculate the remainder when 52843 is divided by 1785.
1078
What is the remainder when 47165 is divided by 1865?
540
Calculate the remainder when 1085946815 is divided by 388.
387
Calculate the remainder when 7873465 is divided by 3936716.
33
Calculate the remainder when 162106 is divided by 17498.
4624
Calculate the remainder when 880156 is divided by 8976.
508
Calculate the remainder when 9020390 is divided by 4510102.
186
What is the remainder when 58347263 